04
14204204 (base 6) to base 13
13bb3b
Convert 7233064 (base 9) to base 14.
726a65
Convert -1133040 (base 7) to base 10.
-142716
What is 3472 (base 8) in base 4?
130322
a3a721 (base 13) to base 4
32211003201
What is -301620 (base 7) in base 6?
-1032240
Convert 121020001102 (base 3) to base 8.
1157554
What is 27118 (base 16) in base 7?
1234354
Convert 6a1053 (base 14) to base 15.
4b5bd1
69448 (base 15) to base 3
122000122212
Convert 13023033 (base 7) to base 11.
73834a
What is 502233252 (base 6) in base 15?
b31e3e
Convert -e007c9 (base 15) to base 2.
-101000100011111100110110
What is -695332 (base 11) in base 16?
-10dce8
-220001002121010 (base 3) to base 8
-60571340
Convert -10100011010000010 (base 2) to base 10.
-83586
-22243033 (base 6) to base 14
-137bad
882788 (base 9) to base 6
15143425
Convert 1532043 (base 6) to base 4.
111330123
What is 1001001111010101010110 (base 2) in base 4?
21033111112
Convert -36ab (base 15) to base 9.
-16858
-623072 (base 12) to base 4
-11313322112
Convert abdd9 (base 14) to base 9.
705115
Convert -1f4da (base 16) to base 9.
-214784
-2366714 (base 9) to base 2
-100111001100011111101
-519ed (base 16) to base 5
-41144232
56511267 (base 8) to base 2
101110101001001010110111
2001021222101 (base 3) to base 8
4115574
1241443423 (base 5) to base 16
2ef764
What is 62002 (base 16) in base 8?
1420002
10222133333 (base 4) to base 11
765665
Convert c26c99 (base 15) to base 8.
43170554
Convert -24643516 (base 7) to base 13.
-6009a6
1a7b0b4 (base 12) to base 16
5609c8
535134 (base 6) to base 12
214aa
What is -25d943 (base 14) in base 15?
-1abaed
What is -320338a (base 11) in base 13?
-1226916
-101ec4 (base 16) to base 10
-1056452
Convert 421231 (base 9) to base 3.
110201021001
Convert 322211 (base 7) to base 14.
165b1
What is 3939526 (base 11) in base 3?
110211112012200
Convert -a9d566 (base 14) to base 9.
-11750206
-131121112 (base 6) to base 13
-6c2aa4
What is -152256 (base 7) in base 5?
-1422022
What is -201300132 (base 4) in base 5?
-13411040
What is -14801050 (base 10) in base 12?
-4b5950a
What is 10111100011110011010 (base 2) in base 6?
24314014
Convert -120321220 (base 4) to base 13.
-37567
Convert -1000110001110 (base 3) to base 10.
-540228
Convert -11000001110100010100 (base 2) to base 6.
-25003204
What is 1155103 (base 11) in base 7?
23051425
What is -55c67 (base 15) in base 5?
-32212142
-1751164 (base 9) to base 10
-978457
Convert -3432551 (base 6) to base 16.
-2adf3
What is 77998 (base 11) in base 10?
113000
-147d39 (base 14) to base 12
-2a4953
What is d7a3b (base 15) in base 7?
5546222
What is -13211010 (base 6) in base 3?
-211012102020
Convert -36076602 (base 8) to base 3.
-112212011220010
Convert -5d438 (base 14) to base 3.
-102121120011
What is 4de67 (base 16) in base 13?
b2307
Convert 96758 (base 10) to base 5.
11044013
Convert -243430202 (base 5) to base 6.
-40431244
Convert 237612 (base 8) to base 11.
56506
-2116b (base 16) to base 13
-498c6
Convert 425442 (base 12) to base 7.
11614520
Convert 222021122111112 (base 3) to base 10.
13968005
-310115454 (base 6) to base 10
-5329114
What is -101000110101001001 (base 2) in base 11?
-104718
Convert 445759 (base 10) to base 8.
1546477
-5028d1 (base 14) to base 11
-15818a6
b6e6c (base 15) to base 6
20234533
Convert -3e8cde (base 16) to base 12.
-145833a
Convert -21c23 (base 16) to base 2.
-100001110000100011
1222210221001 (base 3) to base 7
12001000
What is 200222012112 (base 3) in base 7?
3113423
Convert -7a77 (base 12) to base 10.
-13627
What is -49aab5 (base 12) in base 15?
-18abde
What is -32467 (base 12) in base 14?
-1a251
Convert 44364 (base 15) to base 5.
23414034
-22a55 (base 14) to base 5
-10144410
Convert 1001110101010110010110 (base 2) to base 16.
275596
-17627 (base 13) to base 6
-544135
Convert -24093 (base 11) to base 9.
-52544
Convert 369229a (base 13) to base 9.
34834528
What is 11221333330 (base 4) in base 16?
169ffc
Convert 16e2eb (base 16) to base 14.
2b0867
626355 (base 8) to base 13
73955
-8832aa (base 12) to base 7
-24243430
Convert 2110012 (base 3) to base 7.
5132
What is -202133203 (base 5) in base 6?
-25310412
Convert 54363 (base 7) to base 16.
3501
Convert -11254126 (base 9) to base 4.
-110313002232
What is 134155211 (base 7) in base 10?
8736659
Convert -385309 (base 10) to base 14.
-a05c1
Convert 109403 (base 10) to base 4.
122231123
1a767e (base 15) to base 4
10323013133
-27892 (base 10) to base 11
-19a57
What is -22133022030 (base 4) in base 2?
-1010011111001010001100
What is 32570 (base 10) in base 2?
111111100111010
What is -2352234 (base 6) in base 13?
-44383
What is -12033101301 (base 4) in base 14?
-308013
Convert -12000221220 (base 3) to base 7.
-561651
-2151442 (base 7) to base 16
-409e7
-200213103 (base 4) to base 5
-13233322
-13203224 (base 5) to base 16
-20269
What is 110111202010112 (base 3) in base 14?
c50982
What is 1251790 (base 10) in base 16?
1319ce
What is -3aa73 (base 12) in base 11?
-55960
Convert -437105 (base 8) to base 13.
-51bb9
What is 699b0b (base 13) in base 10?
2506450
-4442537 (base 8) to base 12
-498b3b
Convert 3902c (base 14) to base 4.
202023100
Convert -253306 (base 7) to base 3.
-2101012101
-111110100110011100 (base 2) to base 12
-104478
Convert -35400552 (base 6) to base 3.
-2002002221212
Convert -56432636 (base 7) to base 15.
-66b882
-57437 (base 12) to base 5
-12211040
What is -101010220000 (base 3) in base 5?
-22342130
What is 81a30 (base 11) in base 16?
1d396
1524413 (base 7) to base 16
32cc0
-23462120 (base 7) to base 14
-3c2c80
What is 2030601 (base 7) in base 13?
86688
Convert 20103331203 (base 4) to base 15.
2d0910
Convert 150222 (base 8) to base 5.
3202034
-33632 (base 11) to base 5
-3024202
What is -1495aa1 (base 11) in base 4?
-21233321312
Convert 1497e9 (base 16) to base 3.
2112120022112
What is -11120100122 (base 3) in base 7?
-523115
What is 369 (base 16) in base 11?
724
24eb89 (base 15) to base 5
423133404
Convert -962478 (base 13) to base 3.
-20121202000200
What is 542956 (base 14) in base 2?
1010110111110101000000
Convert -3505151 (base 7) to base 11.
-27a733
Convert 3b97c (base 13) to base 12.
54616
What is 347029b (base 12) in base 11?
5778453
Convert -13035644 (base 7) to base 2.
-100100001011111000110
-133400 (base 10) to base 11
-91253
What is 3087471 (base 11) in base 15?
727545
Convert -1357156 (base 8) to base 4.
-1131321232
What is -214555 (base 10) in base 8?
-643033
What is 3327103 (base 9) in base 10?
1789779
Convert -33a867 (base 12) to base 3.
-1120000201121
Convert -14313150 (base 6) to base 11.
-306630
What is -513135404 (base 6) in base 3?
-121121122200111
What is -100120002102 (base 3) in base 4?
-231323303
-6a0bd0 (base 15) to base 3
-100112100002220
Convert -111001011111111100 (base 2) to base 6.
-5014204
-2222022010120 (base 3) to base 13
-434562
-338666 (base 9) to base 12
-99720
1111001120212 (base 3) to base 2
11000000011111111101
What is 114014 (base 12) in base 6?
5532024
131005 (base 9) to base 14
20d62
What is 7c7ee1 (base 15) in base 10?
5950111
What is -114334043 (base 6) in base 15?
-2ce373
Convert -1b424a5 (base 13) to base 9.
-17883437
What is 26157 (base 15) in base 12?
5a5a7
What is -1ab36d (base 15) in base 13?
-368425
What is -1aacc (base 15) in base 7?
-511053
-101110111110001001100001 (base 2) to base 10
-12313185
Convert 2167249 (base 11) to base 3.
21011010212011
Convert 21311524 (base 6) to base 8.
2321414
-54260 (base 14) to base 12
-99950
Convert 1022200112002 (base 3) to base 10.
702407
171465 (base 12) to base 13
10b548
Convert -1001011100110100010010 (base 2) to base 6.
-125033042
Convert -2216463 (base 11) to base 6.
-215201512
2633545 (base 8) to base 13
1c9775
What is -775e2 (base 16) in base 8?
-1672742
Convert -11101100001001101 (base 2) to base 3.
-20010212010
What is 88a0b (base 13) in base 9?
416774
Convert -1382045 (base 13) to base 3.
-102121122121212
Convert 141030111 (base 5) to base 11.
452492
-138204 (base 12) to base 13
-b5000
-1075410 (base 8) to base 7
-2332044
-4135022 (base 6) to base 9
-333445
What is -1341042 (base 6) in base 10?
-75410
What is 110100111101001101111 (base 2) in base 9?
3234317
3010202 (base 6) to base 2
100010100000011010
Convert -1341800 (base 9) to base 3.
-1101101220000
10202202201 (base 3) to bas